posite number?
True
Let b be ((-49)/(-14))/((-1)/(-2)). Suppose 0 = b*a - 915805 + 96105. Is (a/(-10))/((-2)/1) a composite number?
True
Let f(q) = 91*q**3 + q - 15. Suppose 12*b - 61 + 1 = 0. Is f(b) composite?
True
Let b = 230283 + -129376. Is b a composite number?
False
Suppose -9*j = 36586 - 43428 - 163789. Is j a composite number?
False
Let z = -55 - -56. Is z/((-52292)/8716 - -6) composite?
False
Suppose -2*m = 5*a - 11, m + 2*m + 5*a = 14. Let w(u) = 77*u**3 - 2*u**2 + 3*u - 7. Is w(m) a prime number?
True
Suppose -11*h - 4738 = 20144. Let m = -4108 - h. Let u = m + 3129. Is u composite?
False
Let i(s) = 28*s + 88. Let x be i(-3). Suppose -5*d = -x*k - 7571, 1503 = d - 3*k + 5*k. Is d a composite number?
False
Let c = -296 + 303. Suppose 6*s - c*s + 1666 = 3*x, -3*s + x = -4958. Is s a prime number?
False
Let b(c) = 2*c**2 - 852*c - 327. Is b(-78) a composite number?
True
Suppose -3*u + 39*u = -216. Let z(g) = -2*g**2 + 2*g - 2*g**3 + 13 - 2 + g. Is z(u) composite?
False
Let q(p) = -751*p - 84. Let r be q(-4). Let j = -483 + r. Is j a prime number?
True
Suppose 449*c - 6195882 = 407*c. Is c prime?
False
Suppose 2*x + 185 = -3*x. Let y = -34 - x. Suppose -y*a + 782 = -a. Is a a composite number?
True
Suppose -250027 = -3*h + 2*s, 12*s + 250007 = 3*h + 14*s. Is h composite?
False
Suppose 5*u - 1131 - 849 = 0. Let s = u - 174. Suppose -5*x + 2*k + 957 = -169, -x = -2*k - s. Is x a prime number?
False
Let a be (550/(-33))/(2/(-3)). Is ((-6)/15)/(5/a) - -4905 a composite number?
False
Let s = 22631 + -13278. Is s prime?
False
Let l(s) be the second derivative of 3437*s**3/6 - 46*s**2 + 71*s. Is l(3) a composite number?
True
Let w(z) = -z**2 - 295*z - 527. Is w(-188) a prime number?
False
Suppose 16*x + 3538953 = 34*x - 9*x. Is x prime?
False
Let u = -6583 + 56985. Suppose 0 = -5*y - 13927 + u. Is y a prime number?
False
Let f = 252 - 243. Let m(g) = 132*g + 109. Is m(f) a composite number?
False
Let p = -153 - -156. Is 318/9*p*(-1893)/(-6) a prime number?
False
Suppose 38691 = 5*l + 2*a, -4*l - 329*a + 331*a = -30978. Is l prime?
True
Let l = -8939 - -13211. Let w = -1511 + l. Is w prime?
False
Let l(i) = -i**3 - 30*i**2 - 67*i - 97. Is l(-33) a composite number?
False
Let a(w) = -w**3 + 2*w**2 + 4*w - 8. Let i be a(2). Suppose 2*f = 3*f, i = -p - f + 6533. Is p a prime number?
False
Let r be 7/(-2)*((-39)/(-21) + -3). Suppose 0 = z - 5, 3*m - r*z + 5*z = 389. Suppose 17 + m = h. Is h prime?
False
Suppose 0*d + 5*n - 698 = -d, n = 5. Suppose 123*v = 130*v + 2338. Let l = d + v. Is l prime?
False
Is -9 + 23 + 712349/31 composite?
False
Suppose 0 = -4*z, -3*h - 6*z = -3*z. Suppose -p = s + 6, h = p + 4*s - 4 + 16. Is 13555/45 - p/(-18) a composite number?
True
Let y be (1*-6)/3 - -3. Suppose y = 5*s + 21. Is (-422 + s)/(-6) + (-6)/(-2) a prime number?
False
Let q = -380 - -53. Let v = 1746 - q. Is v composite?
True
Is 3 + (0 - 1) - (13 - -5595647)/(-36) a composite number?
True
Let j = -433991 + 683340. Is j a prime number?
False
Let p = 181294 - -215052. Is p prime?
False
Suppose -9*g + 2922389 - 89126 = 0. Is g a prime number?
True
Suppose -5*d = -5*c - 36015, 28840 = 4*d + 19*c - 16*c. Is d prime?
True
Let h = 11850 + 9668. Suppose -9*k = 5*k - h. Is k composite?
True
Suppose -7*o + 150 = 23*o. Suppose 2*t - 22783 = 4*i + 6863, -o*t = i - 74071. Is t prime?
False
Let m = 899276 - 481215. Is m a prime number?
False
Suppose 12296 = 3*r - 5*t, 3614 + 4566 = 2*r + t. Suppose -r - 411 = -3*b. Is b a prime number?
False
Let z = 3686 - -14151. Is z composite?
False
Suppose -15*q - 17169 = -201095 - 294469. Is q a prime number?
False
Suppose 170 = 2*o + 172, -d - 4*o = -99741. Is d prime?
False
Let l(h) = -97*h**3 - 2*h**2 - 8*h + 9. Let y be l(-5). Suppose -9*p + 25685 = -y. Is p prime?
True
Suppose -l + 2517 - 656 = 0. Let a = 9566 - l. Suppose 6*k - a = 4133. Is k composite?
False
Let l(r) = 18439*r**2 + 440*r + 3098. Is l(-7) prime?
False
Is 5 - 84/49*(-1)/(6/387471) prime?
True
Suppose -10220 = 4*f - 4*b, 10252 = 2*f - 6*f - 4*b. Let n = 3852 + f. Is n a composite number?
True
Let w(o) = 3*o + 21. Let g be w(-7). Let j be -39 + (-3 - -2 - g). Is (1990/j)/(0 + 2/(-8)) prime?
True
Let z(b) = -2*b + 43. Let r be z(19). Suppose r*q = 7*q - 30. Suppose 16*g - 1027 = q*g. Is g a prime number?
False
Let s = 5107 + -4605. Is s a prime number?
False
Suppose 0 = 130*a - 73*a - 3723501 - 14057706. Is a a prime number?
True
Suppose 0 = -2*d + 5*r + 391, 2*d - 214 - 170 = -2*r. Suppose 2486 = z + d. Is z composite?
False
Suppose 3*b + 5*l + 10 = 85, -153 = -5*b + l. Suppose b*m - 2923 = -7*m. Is m composite?
False
Suppose -4*x = -r - 5 - 11, r = 2*x - 8. Suppose 27 = x*v - 1. Suppose 13677 - 3884 = v*z. Is z a prime number?
True
Suppose 129*p = 63*p + 54*p + 3214956. Is p a prime number?
True
Suppose j = -5*k + 90379, 2*k + j - 23303 - 12845 = 0. Is k prime?
True
Suppose -31*u = -32*u - 1. Is (-933768)/(-126) + u/(-7) prime?
True
Suppose -8 = -u - 4*y - 5, -u = y - 6. Suppose v = u - 5. Suppose -2*a - v*s + 2108 = 0, 3*a - 4*a = 5*s - 1034. Is a a composite number?
True
Let k = 28 + -25. Let m be (-280)/(-21) - 1/k. Is 2603 + 5 + (4 - m) composite?
True
Let k(c) = 2*c**2 - 15*c - 48. Let g be k(10). Suppose 3*i = -2*y + 143, 10*i - g*y - 151 = 7*i. Is i composite?
True
Let c = 229 + -10. Suppose 1316 = v + c. Is v a prime number?
True
Suppose 4*i - 3*p = 3*i + 652857, 0 = -i + p + 652859. Is i/50 - (-4)/(-20) a composite number?
True
Is 2/(-2)*(2431528/352)/((-2)/8) prime?
True
Suppose 5341 = k - 5*f, -146 + 16207 = 3*k + 4*f. Is k prime?
True
Suppose -m - 449394 = -2*r, -m = -54 + 50. Is r a prime number?
True
Let m = 270237 - 192116. Is m composite?
False
Let u(h) = -7798*h**2. Let k be u(1). Let y = k + 15635. Suppose -2*q - 5*x = q - y, q + x = 2611. Is q a prime number?
True
Let v(d) = -1958*d - 6. Let l be v(1). Let y = l + 3635. Is y composite?
True
Let d(c) = 2177*c**2 - 3*c + 421. Is d(15) composite?
False
Suppose 3 = 2*y - 5. Suppose y*q + 4*q = 12296. Let o = -890 + q. Is o composite?
False
Let a(w) = 847*w**2 + 77*w + 23. Is a(5) a composite number?
True
Let k = 28352 + -19121. Let n = k + -1622. Is n a composite number?
True
Suppose -8*v = -1099 + 1035. Is (-490630)/(-150) - v/(-60) a composite number?
False
Let m(g) = 2*g**2 + 25*g + 53. Let d be m(-11). Suppose -535983 = -k - d*k. Is k a composite number?
False
Suppose -10*y + 387933 = 3*n - 8*y, -3*n + 4*y = -387897. Is n a prime number?
False
Suppose -g + 48 = 4*i, 5*i + 36 = 8*i - 2*g. Suppose 0 = i*c - 11418 - 14490. Is c prime?
False
Suppose 95 = 5*i + 15. Let l = -16 + i. Suppose l = -311*p + 315*p - 844. Is p a composite number?
False
Let v be 8 + 2 - 9/((-27)/6). Let b be (-6)/v + (-1934)/(-4). Suppose 0 = 4*y + k - 3551, -2*y = -k - 1300 - b. Is y prime?
False
Let j(y) = -107*y**3 - 2*y**2 - 5*y + 3. Let u(v) = -215*v**3 - 4*v**2 - 12*v + 7. Let k(z) = -5*j(z) + 2*u(z). Is k(3) prime?
False
Let x be (-1)/(-1)*810/(-135). Is (-189150)/16*x + (-13)/52 composite?
True
Let k = -25059 - -48106. Is k composite?
True
Suppose -15 = 35*h - 38*h. Let z be (117294/15)/(((-4)/h)/4). Is z/(-22) - 30/165 prime?
True
Let n = -35274 - -60263. Is n prime?
True
Let q = 22 - 24. Let j be ((-18)/9 + 4 + q)*-1. Suppose j = 88*k - 93*k + 635. Is k prime?
True
Let g(u) = -491*u + 57. Let p be g(-13). Suppose 2*x + 5*z - p = -x, -2*z - 4320 = -2*x. Is x a composite number?
True
Let o(t) = 109*t**2 + 7*t + 99. Let a(l) = l**2 - l. Let b(w) = 6*a(w) + o(w). Is b(-8) composite?
False
Let m(p) = 424*p - 163. Suppose -435 = -46*w + 17*w. Is m(w) prime?
True
Let z be -1958*(0 + (-3)/2). Let t be -5 - -1 - (-102 - 12)/19. Suppose -1016 = -t*o + 3*j + 164, -j - z = -5*o. Is o a composite number?
False
Let t = -25 - -27. Suppose -8 + 4 = -t*w. Suppose w*d - 320 = 102. Is d composite?
False
Let v(c) = -6*c**3 + 15*c**2 - 36*c - 3. Let j be v(-12). Suppose -41*l + 45*l + 4*z = 51796, -l + z = -j. Is l composite?
False
Let s = 259483 - 166124. Is s composite?
True
Suppose 6*x = 5*x + 34. Let j = x - 28. Suppose j*p + 0*p - 894 = 0. Is p composite?
False
Let i = -137 + 219. Suppose -3*o = -2*h + i, -5*o + 2*h = -3*h + 145. Is 2/((o/(-6537))/4) composite?
False
Let o(v) = v + 5. Let q be o(-5). Is ((-7)/21 + q)*-40